
17
What is the highest common divisor of 322882 and 28?
14
What is the greatest common factor of 469 and 6770953?
469
What is the highest common divisor of 6268 and 4?
4
Calculate the greatest common divisor of 15929 and 1054.
17
Calculate the greatest common divisor of 6 and 122158.
2
Calculate the highest common factor of 130364 and 20631.
299
What is the highest common divisor of 20 and 12030?
10
What is the greatest common divisor of 7573430 and 30?
10
Calculate the greatest common factor of 1007 and 212.
53
What is the greatest common divisor of 204030 and 30?
30
What is the greatest common divisor of 609 and 560?
7
Calculate the highest common factor of 12947 and 535535.
1177
What is the greatest common divisor of 2644 and 2875350?
1322
What is the greatest common divisor of 1512804 and 60?
12
Calculate the highest common factor of 48550 and 350.
50
Calculate the greatest common divisor of 158125 and 77.
11
Calculate the highest common factor of 56603 and 115.
23
What is the highest common factor of 9351 and 81?
9
What is the highest common divisor of 13605 and 60?
15
Calculate the greatest common divisor of 217 and 63238.
7
Calculate the highest common divisor of 280 and 56120.
40
Calculate the highest common divisor of 153 and 35712.
9
Calculate the greatest common divisor of 206536 and 44.
44
What is the greatest common factor of 51888 and 3?
3
Calculate the highest common divisor of 607 and 341741.
607
Calculate the highest common factor of 224336 and 28.
28
Calculate the highest common factor of 231 and 768361.
11
Calculate the highest common divisor of 74 and 457320.
74
Calculate the highest common factor of 2110 and 19780.
10
Calculate the highest common factor of 791374 and 2.
2
Calculate the highest common divisor of 835978 and 143.
143
What is the highest common factor of 1715 and 155?
5
What is the greatest common factor of 17171 and 462?
77
What is the highest common divisor of 578 and 1258?
34
What is the greatest common divisor of 40656 and 336?
336
What is the greatest common divisor of 11235 and 20545?
35
Calculate the highest common divisor of 45846 and 846.
18
Calculate the highest common divisor of 1957950 and 120.
30
Calculate the greatest common divisor of 6 and 427872.
6
Calculate the greatest common divisor of 8502 and 1989.
39
What is the highest common factor of 828 and 3183039?
207
What is the highest common factor of 264747 and 735?
147
What is the greatest common divisor of 688 and 2032?
16
What is the greatest common divisor of 15 and 1084035?
15
What is the greatest common factor of 432 and 7956?
36
What is the highest common factor of 3 and 89293?
1
Calculate the greatest common divisor of 132 and 3135165.
33
What is the highest common factor of 250608 and 69?
69
What is the highest common divisor of 10629216 and 936?
936
Calculate the highest common factor of 85 and 124695.
85
Calculate the greatest common factor of 1225 and 5575.
25
Calculate the greatest common divisor of 1456 and 770.
14
What is the highest common divisor of 1271482 and 5090?
1018
What is the greatest common factor of 760986 and 3618?
1206
What is the highest common factor of 12 and 40398?
6
Calculate the greatest common divisor of 18448 and 2.
2
Calculate the highest common divisor of 7285 and 15745.
235
What is the highest common factor of 116207 and 819?
91
Calculate the greatest common divisor of 1007431 and 203.
29
What is the highest common divisor of 276 and 56442?
138
Calculate the greatest common factor of 39741 and 21567.
39
What is the highest common divisor of 3245827 and 3092?
773
What is the highest common factor of 42 and 750?
6
Calculate the greatest common factor of 14000 and 240.
80
What is the greatest common divisor of 175940 and 22040?
380
What is the highest common divisor of 69 and 537?
3
What is the highest common divisor of 2349 and 10611?
81
Calculate the greatest common factor of 399 and 1788717.
399
What is the highest common factor of 42 and 1362?
6
Calculate the greatest common factor of 14 and 52814.
2
Calculate the greatest common divisor of 21200 and 4400.
400
What is the highest common factor of 1551 and 264?
33
What is the greatest common factor of 82 and 1656441?
41
What is the greatest common factor of 4164 and 126?
6
Calculate the highest common factor of 18963 and 28665.
441
What is the highest common divisor of 93847 and 91?
13
What is the greatest common divisor of 2380 and 20?
20
What is the highest common divisor of 90 and 741590?
10
Calculate the highest common divisor of 15708 and 663.
51
What is the highest common factor of 714 and 121856?
238
What is the greatest common factor of 10265 and 55?
5
Calculate the highest common divisor of 1122 and 5577.
33
What is the highest common factor of 18 and 15576?
6
What is the greatest common divisor of 44599 and 5459?
103
What is the highest common factor of 1851820 and 50?
10
What is the highest common factor of 54 and 9477?
27
Calculate the highest common divisor of 1007 and 37544.
19
Calculate the greatest common factor of 77368 and 38.
38
Calculate the greatest common divisor of 1315250 and 50.
50
What is the highest common factor of 14069 and 55?
11
What is the highest common factor of 368 and 52816?
16
Calculate the highest common factor of 4896 and 73728.
288
What is the greatest common factor of 22806 and 7182?
126
Calculate the greatest common divisor of 272340 and 986.
34
What is the greatest common divisor of 1363106 and 61?
61
What is the highest common divisor of 105000 and 240?
120
Calculate the highest common factor of 3150 and 1232.
14
Calculate the greatest common factor of 346269 and 33.
33
Calculate the highest common divisor of 1004 and 950286.
502
Calculate the highest common divisor of 600 and 269400.
600
Calculate the greatest common divisor of 16608 and 12.
12
Calculate the greatest common divisor of 235823 and 1652.
413
What is the highest common divisor of 21587 and 19?
1
What is the highest common factor of 32530 and 20?
10
Calculate the highest common divisor of 394 and 71511.
197
Calculate the greatest common divisor of 8 and 62812.
4
What is the highest common divisor of 16 and 5836?
4
Calculate the greatest common factor of 3003 and 237.
3
What is the highest common factor of 81162 and 334?
334
What is the highest common divisor of 13830 and 9410?
10
Calculate the greatest common divisor of 423085 and 1625.
65
What is the greatest common factor of 10676 and 1666?
34
Calculate the greatest common factor of 80 and 85480.
40
Calculate the greatest common factor of 5529 and 7068.
57
Calculate the greatest common factor of 264 and 122100.
132
Calculate the highest common divisor of 67877 and 309.
103
Calculate the greatest common factor of 6 and 30302.
2
What is the highest common divisor of 6 and 415222?
2
Calculate the greatest common factor of 1177 and 286.
11
Calculate the highest common factor of 481 and 6994.
13
Calculate the greatest common factor of 36 and 195066.
18
What is the greatest common divisor of 216 and 6704?
8
Calculate the greatest common divisor of 4 and 1046548.
4
Calculate the greatest common divisor of 170405 and 3940.
985
Calculate the highest common divisor of 4570572 and 24.
12
What is the greatest common factor of 1083901 and 819?
91
Calculate the greatest common factor of 90 and 160470.
90
What is the greatest common factor of 5184 and 16?
16
Calculate the greatest common factor of 6471 and 90.
9
Calculate the greatest common divisor of 430 and 298.
2
What is the highest common divisor of 27360 and 15580?
380
Calculate the highest common factor of 2106 and 10634.
26
Calculate the greatest common factor of 944 and 36934.
118
What is the highest common divisor of 89052 and 8364?
492
Calculate the highest common divisor of 76 and 713545.
19
Calculate the greatest common divisor of 672 and 90384.
336
What is the highest common factor of 457032 and 417?
417
What is the highest common divisor of 2415 and 6601?
161
What is the highest common divisor of 119 and 1631728?
119
Calculate the greatest common divisor of 538264 and 3904.
488
Calculate the highest common factor of 1302 and 28334.
62
Calculate the highest common divisor of 9651466 and 22.
22
What is the highest common factor of 126 and 3342